mine w(4).
-6
Let j = -47 - -129. Let c(p) = p + p**2 - 174 + 89 + j. Determine c(0).
-3
Let i(b) be the third derivative of 27*b**2 + 1/12*b**4 + 1/3*b**3 + 0*b + 0. Calculate i(-2).
-2
Let h(y) = 4*y**3 + 5*y**2 + y - 4. Let f(j) = -j**3 - j. Let m(i) = 3*f(i) + h(i). Give m(-5).
6
Let k(o) = -11*o - 9. Let s(l) = 5*l + 4. Let y(f) = -6*k(f) - 13*s(f). Suppose 2*b = -4*z - z - 7, 4*z = -2*b - 4. Let q be (z/(-6) + 0)*4. Determine y(q).
4
Let a(r) = r**3 + 9*r**2 - 6*r + 4. Suppose 1 = 5*h - 19, 4*f + 36 = 3*h. Let i(x) = -x**3 - 8*x**2 + 5*x - 3. Let d(v) = f*i(v) - 5*a(v). Give d(-2).
2
Let y = -44 - -40. Let p(t) = -t - 4. Give p(y).
0
Let d = -5 - -7. Let b(l) = -l**3 + 1. Let k(i) = 7*i**3 - 3*i**2 - 5. Let o(g) = -6*b(g) - k(g). Give o(d).
3
Let p(i) be the third derivative of i**4/6 + i**3/3 + 3*i**2. Suppose -105 = 3*r - 111. What is p(r)?
10
Let d(i) = -4 + 3*i - 14*i + 5*i + 1 + 9*i. Determine d(8).
21
Let l(b) = b**3 - 3*b**2 - 7*b + 1. Suppose -32 = -2*j - 6*j. Give l(j).
-11
Let k(g) = -42*g - 11. Let w(s) = -7*s - 2. Let z(q) = 6*k(q) - 34*w(q). Let r(p) = 7*p - 1. Let l(o) = -5*r(o) - 2*z(o). Let y = 4 + -5. What is l(y)?
8
Suppose 0 = -26*q + 28*q + 14. Let l(g) be the third derivative of -g**6/120 - g**5/10 + g**4/3 + g**3 - g**2. Determine l(q).
-1
Let i(d) = -2*d**2 + 3*d + 5. Let a be 2/(-10) + 252/60. Determine i(a).
-15
Let z(o) be the second derivative of -o**5/120 + o**4/2 + o**3/3 - 18*o. Let i(m) be the second derivative of z(m). Determine i(5).
7
Let o(c) = 46*c + 34. Let g(p) = 16*p + 11. Let j(v) = 17*g(v) - 6*o(v). Determine j(-12).
31
Let j(x) = -10*x**2 + 2*x + 2. Let n(d) = -2*d**2 - 2*d - 1. Let g(t) = j(t) + 2*n(t). What is g(-1)?
-12
Let n = -12 + 20. Let h(w) = -3*w**3 + 2*w + 10*w**2 + 4 + n*w - w + 4*w**3. Determine h(-9).
4
Let c be 3 + -6 + 39*-1. Let k = -36 - c. Let o(r) = r + 6. What is o(k)?
12
Let c(z) = -13*z**3 - z**2 - 11*z + 38. Let x(p) = -7*p**3 - 6*p + 20. Let m(g) = 6*c(g) - 11*x(g). Determine m(-6).
8
Let g(t) = 4*t**2 - t + 1. Let i be g(1). Let o be (22/33)/(i/18). Let m(b) = 3 - 6*b - 5*b**2 + b**o + 2*b**2 - 1. What is m(4)?
-6
Let p(b) = b**2 - 5*b + 1. Suppose -3*l - 2*h + 4 = -5, -4*l + 5*h + 35 = 0. Let c be p(l). Let z(f) = -6*f**2 + 4*f**2 - 2 + 1 + 0*f**2. Calculate z(c).
-3
Let g(d) be the first derivative of 3*d**2/2 + 4*d - 64. Determine g(-9).
-23
Let o(b) = b**3 + 7*b**2 + 10*b + 2. Suppose 29*i + 16 = -129. Determine o(i).
2
Let n = 127 + -126. Let b be (14/(-21)*n)/(1/9). Let k(v) = -8*v - 3*v**3 + 3*v + 1 + 4*v**3 + 5*v**2. Calculate k(b).
-5
Let g(q) = -8*q**2 - 8*q - 4. Let v(d) = -10*d**2 - 9*d - 4. Let j(n) = 6*g(n) - 5*v(n). Give j(3).
5
Let k(g) = -g**2 + 50*g - 144. Let p be k(47). Let j(r) = 0*r**2 + 2*r**2 + 3 - 5*r + 10*r. Calculate j(p).
6
Suppose 22*k = -14*k + 324. Let p(b) = -49*b + 1. Let v be p(-3). Let t(n) = -148 + k*n + v. What is t(1)?
9
Let b(t) = 2*t - 67*t**3 - 6 + 7*t**2 + 137*t**3 - 69*t**3. Calculate b(-7).
-20
Let m be (2 + -2)*(-2)/4. Suppose 3*k + 2*k - 20 = m. Let c(j) = k - 1 - 4*j - 4. Give c(-2).
7
Let a(f) = -5*f**2 - 7*f**2 - 3 - 2*f**3 + 13*f**2 - f + 3*f**3. Let u(n) = 0 - 3 + 2 - n. Let h be u(-1). Calculate a(h).
-3
Let f(v) = -v**3 + v**2 + 2*v - 3. Let m(j) be the second derivative of j**4/4 - 2*j**3/3 + 3*j**2/2 + j. Let c be m(1). Calculate f(c).
-3
Let q(v) = 9 - 12 + v + 7. Suppose 0 = j - 0 - 8. Let i = -8 + j. Calculate q(i).
4
Let q(i) = -22*i - 2. Let s(n) = 34*n + 3. Let x(p) = -7*q(p) - 5*s(p). What is x(-5)?
79
Suppose c = 3*k - 4 + 25, -3*k = -4*c + 30. Let x(h) = 2*h**2 + 9*h + 1. Give x(k).
19
Let o(q) = -q - 1. Let x(p) = -5*p + 1. Let c be x(1). Let t(f) = 3*f - 1. Let w(u) = c*o(u) - t(u). Give w(-7).
-2
Suppose 2*x = 4*x - 2*p - 14, 3*p + 12 = 0. Let j(q) = -5*q - 1. Let i be j(-2). Suppose -x*v = 3*r + i, 3*v - v - 19 = 3*r. Let t(k) = k**3 - k. What is t(v)?
6
Suppose -1708*m + 63 = -1699*m. Let u(y) = -y**2 + 9*y + 9. What is u(m)?
23
Let z be -1 - ((-22)/(-44))/((-1)/(-2)). Let i(l) = -8*l - 12. Calculate i(z).
4
Suppose u - 6*u = -10. Let z be (3/6)/((-1)/u). Let a(h) be the second derivative of 7*h**3/6 + h**2/2 - 3*h. What is a(z)?
-6
Let h(f) = f**3 - 21. Suppose -420 = -9*x - 420. Give h(x).
-21
Let o(c) = -2*c**3 - 50*c**2 - 44*c + 100. Let l be o(-24). Let m(a) be the third derivative of a**6/120 - a**5/10 + 7*a**4/24 - 2*a**3/3 - a**2. Give m(l).
-8
Suppose 8 - 38 = -6*b. Let o(t) be the third derivative of 0 - 1/60*t**5 + 0*t + b*t**2 + 1/3*t**3 + 1/8*t**4. Calculate o(3).
2
Suppose 6 = l - 3*g, 4*l + 24 = -400*g + 396*g. Let d(f) = f**3 + 4*f**2 + 4*f + 5. What is d(l)?
2
Let m(f) = -4*f**2 - 6*f + 20. Let v(p) = -5*p**2 - 6*p + 22. Let z(c) = -6*m(c) + 5*v(c). Give z(5).
-5
Let x be (12 - 7 - 7)/(1*2). Let s(r) = -33*r**3 + r. Determine s(x).
32
Let y(c) = -8*c**3 + c - 1. Let t(v) be the third derivative of -v**6/120 + 7*v**5/60 + v**4/3 + v**3/6 + 12*v**2. Let u be t(8). Determine y(u).
-8
Suppose 6 = 2*r - r. Let u = 132 - 132. Let q(k) = u + 2 + r*k - 2 - k**2. What is q(7)?
-7
Suppose 0*a + 2*a - 17 = 5*g, -2*a - 18 = 2*g. Let r(y) = 0*y**2 - y**2 + 2*y**2 - 2*y + 6 + 7*y. What is r(g)?
6
Let x(d) = -d**3 + 6*d**2 - 4*d - 3. Let c be x(5). Let q(r) = -3 - 2*r**c - 4*r + 6*r**2 - 5*r**2 + 6. What is q(-7)?
-18
Let y(t) = -7*t**2 + t - 8. Let a(k) = -k**2 + k - 2. Let f(l) = 3*a(l) - y(l). Determine f(-1).
4
Let l be 99/36 - (-3)/12. Let c(t) = 13*t + 7*t - l - 21*t. What is c(-4)?
1
Let p(w) = w**3 - w**2 - 3*w - 3. Suppose 5*d + 4*q - 13 = 0, 0*q - 4*q = -4*d + 32. Suppose d*c + 104 - 94 = 0. Determine p(c).
-9
Let x(n) = -3*n - 5. Let b be x(-5). Let u be 8/(-5)*b/4. Let y(l) = -2*l - 1. What is y(u)?
7
Let v be ((-7)/(-4))/((-5)/(-20)). Let i(k) be the second derivative of k**4/12 - 3*k**3/2 + k**2 - k + 2. What is i(v)?
-12
Suppose 4*q = 3*z - 22, -8 = 2*z + 5*q + 8. Suppose -x - 3 + z = 0. Let g(m) = -1 + 6*m**2 - 3*m**2 - 2*m - 2*m**2. Give g(x).
2
Let j(t) = 5*t - 5 - 5 + 14. Determine j(-7).
-31
Suppose 0 = -z + 14*z + 52. Suppose 0*a - 3*h = -a + 6, -h + 18 = 3*a. Let j(d) = -a*d - 2*d - 6 + 1 + 7*d. Give j(z).
-1
Let j(w) be the first derivative of -w**6/120 - w**5/10 + 7*w**4/24 - 5*w**3/6 - 6*w**2 + 36. Let g(a) be the second derivative of j(a). Determine g(-7).
-5
Let y(u) = -u**2 - 5*u + 1. Let i be (-8 + 20/(-4) + 3)/2. What is y(i)?
1
Let t(l) be the first derivative of 6*l**2 - 5/6*l**3 + 1/60*l**5 + 0*l + 7/24*l**4 - 6. Let b(h) be the second derivative of t(h). Give b(-6).
-11
Let h(y) = -y - 2. Suppose 57 = 3*w - 48. Suppose s = -4*s - w. What is h(s)?
5
Let l be ((-15)/12 - -1) + 186/(-24). Let p(m) = -m**2 - 6*m + 7. Give p(l).
-9
Suppose 3*o = -5*m - 13, -o - 15 = -m - 6*o. Let i(g) = -g**2 - 10*g + 6. What is i(m)?
31
Suppose 5*j - 20 = j. Let r(m) be the first derivative of m**3/3 - 7*m**2/2 - m + 534. Determine r(j).
-11
Let x(i) be the third derivative of -i**6/120 - i**5/15 - 2*i**3/3 + i**2. Let v(w) = -8*w**2 + 3*w + 1. Let q be v(1). What is x(q)?
-4
Let h(t) = t**2 + 5*t - 16. Let l(y) = -y**2 - 6*y + 14. Let c(v) = 2*h(v) + 3*l(v). Give c(-9).
1
Suppose -3*t - 4 = -t. Let y be (-1)/t - 5/10. Let c(d) = -4*d + y*d**2 - 3*d**3 + 3*d**3 + d**3 - 3*d**2. Calculate c(4).
0
Let d(q) = 0*q**2 - q**2 + 1 - 4*q**3 + 5*q**3. Let a be d(1). Let y = a + 4. Let h(u) = -u**2 + 7*u - 5. Determine h(y).
5
Suppose -28*x + 39*x = -77. Let r(a) = -8*a + 9. Let o(w) = 6*w - 8. Let k(m) = 5*o(m) + 4*r(m). What is k(x)?
10
Let f(u) = 18*u**2 + 17*u + 14. Let w(d) = 11*d**2 + 9*d + 7. Let m(c) = 3*f(c) - 5*w(c). What is m(8)?
-9
Let k(o) be the second derivative of -3*o**5/20 - o**4/12 + o**2/2 + 231*o. Calculate k(-1).
3
Let q = -114 - -116. Let l be (1/3)/(6/18). Let j(w) = 2*w - 2*w - 2*w - 7*w**2 + 10*w**2 - l. What is j(q)?
7
Suppose 10*w = -48 + 88. Let u(f) = 3*f - 9. Give u(w).
3
Let v = -252 - -259. Let c(h) = h**2. Let b(q) = q**3 - 4*q**2 - q + 1. Let n(g) = -b(g) + 3*c(g). What is n(v)?
6
Let r(b) = -b**3 - 3*b**2 - 3*b - 2. Suppose 3*j + 7 = 13. Suppose 0 = 3*s + 2*h, 4*s - h - j*h = -17. Give r(s).
0
Suppose g = -2*g + 3. Let q(z) = -z**2 - 2*z - 5*z - g + 2 + 0. What is q(-6)?
7
Let g(h) = -h**3 + 10*h**2 - 12*h + 10. Let m(b) = -15*b + 518. Let i be m(34). What i